-24 + q. What is the units digit of s?
2
Let j(d) = -3*d + 9. Let b be j(5). What is the units digit of (b/2)/((-3)/22)?
2
Suppose 2*y - 295 = -3*y. What is the tens digit of y?
5
Suppose -308 = -2*s - 2*s. What is the units digit of s?
7
Suppose 3*o - 4*t = 0, 4*o - 4*t = 3 + 1. Suppose -5*y + 0*y + 33 = -4*w, -o*y + 45 = 3*w. What is the units digit of y?
9
Let o(f) = -f**3 - 10*f**2 + 6*f + 3. What is the tens digit of o(-11)?
5
Suppose 13 = 5*c - 142. What is the units digit of c?
1
Let c(y) = 4*y - 6. Let p be c(6). Suppose -3*w - p + 42 = 0. What is the units digit of w?
8
Let y(d) be the first derivative of -d**3/3 + 7*d**2/2 - d - 2. What is the units digit of y(6)?
5
Let h be 4/(-18) - 4/(-18). Suppose f = h, 3*s = -0*s - 2*f + 21. What is the units digit of s?
7
Suppose 3*j - 14*j + 572 = 0. What is the tens digit of j?
5
Suppose -82 = 3*y + 4*p - 353, -5*y + 495 = -2*p. What is the units digit of y?
7
Let y be (-6)/9 - 56/(-12). Suppose -2*i + 3*f = -8, -i - 5*f + 11 + 6 = 0. Suppose y*u - i = 9. What is the units digit of u?
4
Suppose -n - 4*n - 40 = 0. Let o(k) = k**3 + 8*k**2 - k - 6. Let f be o(n). What is the units digit of ((1 - 2) + f)*7?
7
Let n(s) = -s**3 + 4*s**2 - 2*s + 2. What is the units digit of n(3)?
5
Suppose 0 = 2*f - 7*f + 260. What is the units digit of f?
2
Let h(k) = -k + 9. Let z be (1 + 5)/(3 + -1). Let f be (-66)/(-9) - (-2)/z. What is the units digit of h(f)?
1
Let s = -21 - -24. Suppose -f + 5*w = -23, 34 + 59 = 3*f - s*w. What is the units digit of f?
3
Let h = -3 - -7. Suppose 1 - 13 = h*a. Let m = 1 - a. What is the units digit of m?
4
Let v(t) = -t + 4 + 4*t - 2*t. What is the units digit of v(3)?
7
Suppose -3*k + 3 = 21. What is the tens digit of ((-12)/(-4))/(k/(-38))?
1
Let s = 38 + 36. What is the units digit of s?
4
Suppose -4 = -0*r - 2*r. Suppose 5*o + 17 - 87 = 5*h, -4*h - 28 = -r*o. What is the units digit of o?
4
What is the tens digit of 3 + (-33)/(2/12*-1)?
0
Let i(z) = -14*z**3 - z**2 - 2*z. Let t be i(-2). Suppose 6*o - t = 2*o. What is the tens digit of o?
2
Suppose 0 = -2*n - 4*u + 68, -5*n + 2*u + 128 = -2*u. What is the tens digit of n?
2
Let b(y) = -212*y + 1. What is the units digit of b(-1)?
3
Suppose 0 = -2*c - c + 5*h + 14, -2*c = 4*h - 2. Suppose -f = -c*f - r + 5, -3*f + 25 = -2*r. What is the units digit of (-4)/10 + 17/f?
3
Let j(o) = -o**3 - 7*o**2 - 7*o - 8. Let y be j(-6). Let h be 5/2 - y/4. Suppose 3*n - h - 12 = 0. What is the units digit of n?
5
Let j(n) = 0 + 2*n - 3 - 1. Let b be j(3). Suppose 0 = -2*z - b*r + r + 6, 4*r - 18 = -5*z. What is the units digit of z?
2
Suppose 52 = -2*z + 232. What is the tens digit of z?
9
What is the units digit of (-6231)/31*(0 + 4/(-6))?
4
Let k be (16/(-3))/((-2)/6). Suppose -c - c - z + k = 0, -4*c + 34 = 3*z. Suppose 0 = -3*p - c + 1, 5*p = 5*b - 15. What is the units digit of b?
1
Let y(u) = 20*u - 2. What is the units digit of y(5)?
8
Suppose -r + 38 + 73 = 0. What is the units digit of r?
1
Let a = -94 - -134. What is the tens digit of a?
4
Let s = 20 + -14. Suppose 7*y = s*y - 7. Let c = 14 + y. What is the units digit of c?
7
Suppose 5*i = 9 + 6. Suppose i = 2*x - 11. What is the units digit of x?
7
What is the units digit of 490/18 - (-16)/(-72)?
7
Let w(c) = -c**3 - 2*c**2 - 3*c - 3. Let l be w(-2). Let i(h) = 2*h. What is the units digit of i(l)?
6
Let l be ((-18)/4)/((-5)/50). Let x = l + -22. What is the tens digit of x?
2
Let p = -356 - -511. What is the units digit of p?
5
Let f(g) = 10*g + 4. Let d = 13 + -11. What is the tens digit of f(d)?
2
Suppose 0*k = 2*k - 8. Suppose 5*q + k*b = 18, -3*b - 21 = -q - q. What is the units digit of q?
6
Suppose d + 4*v = -1, 0 = 2*d + 3*v - 8*v + 2. What is the units digit of (-4 - 2)*d/2?
3
Let t be ((-1)/2)/((-1)/16). Let r = 17 - t. What is the units digit of r?
9
Let t = -100 + 218. What is the tens digit of t?
1
What is the tens digit of 1/(2/4) + 60?
6
Suppose -4*b = -5*i - 84, 6*b - 2*b - i - 84 = 0. Suppose 0 = 4*h - 7*h + b. Suppose 0 = j - 0 - h. What is the units digit of j?
7
Let b be (2/(-5))/((-2)/10). Suppose -2*z - b*z + 160 = 0. What is the tens digit of z?
4
Suppose 0 = -5*k - 0*k - 10. Let i = k - -2. What is the units digit of (i/2 + -8)*-1?
8
Let w(h) = -h - 2. Let b(d) = d**2 - 2*d - 5. Let q(z) = 3*b(z) - 8*w(z). Let t be q(-1). Suppose 0*f = -f + t. What is the units digit of f?
2
Let s = 72 - 28. What is the units digit of s?
4
Let s(f) = -400*f - 19. What is the hundreds digit of s(-1)?
3
Let m(a) = a - 11. Suppose -3*q = 2*q + 5. Let v(l) = -1. Let y(s) = q*m(s) + 4*v(s). What is the units digit of y(4)?
3
Let h = 1 - -1. Suppose 3*b = -h*b + 10. What is the units digit of (-24)/(-9) - b/(-6)?
3
Suppose -n + 2*n - 2 = 0. Suppose -5*a + 23 = j + n*j, 5*a - 55 = -5*j. Suppose 3*q - j = q. What is the units digit of q?
8
Let x = 6 + -5. Let i(b) = 8*b**3. Let m be i(-1). What is the units digit of x/(-4) + (-26)/m?
3
Suppose 0*v - 5*v = -2*j + 24, 4 = 2*j. Let d be -2*(-2)/(-4)*v. Let a = 10 - d. What is the units digit of a?
6
Suppose 0 = -5*c - d + 35, -4*d + d - 15 = 0. Suppose c = 3*q - 0*n + n, 3*n = 5*q + 10. What is the units digit of q?
1
Let m = 7 - 4. Suppose c - 14 + m = 0. What is the units digit of c?
1
Let j = 4 + -2. Suppose 3*g - 21 = -g + 5*h, -20 = -4*g + 4*h. Suppose -5*c = -g*c - j. What is the units digit of c?
2
Let p = 2 - -1. Suppose -p*d = -2*d - 15. Suppose -y = 1, 4*y = o + 3 - d. What is the units digit of o?
8
Let d be (2 + -1)/(2/16). Suppose -z - d = z, 2*z = 3*k - 77. What is the units digit of k?
3
Suppose -4*p + 88 = -0*p. Suppose 0 = -o - o + p. What is the tens digit of o?
1
Suppose 0 = -2*i - 3*i. Suppose f + 2 - 4 = i. Suppose -2*b + f = -2*q, -b - 3*q + 2*q + 3 = 0. What is the units digit of b?
2
Let v(w) = -2*w**2 + 2*w + 4. Suppose -5 = -4*u + 7. Let o be v(u). Let n(x) = -x - 3. What is the units digit of n(o)?
5
Let b = 15 + -12. What is the units digit of b?
3
Let t = -21 + 61. What is the units digit of t?
0
Suppose -1 = -2*x + 3*x. Let b be 1 - 2 - (-8)/x. What is the units digit of (-3)/b + (-14)/(-3)?
5
Let k be (-2)/(-3) + (-8)/(-6). Suppose 0*z + 12 = 3*m + 3*z, -m = -2*z + 2. Suppose m*y = h + 7 + k, -8 = -2*y + 2*h. What is the units digit of y?
5
Let k be 1*(-4)/((-12)/15). Suppose -b = k - 16. What is the units digit of b?
1
Suppose 13*y - 140 = 8*y. What is the units digit of y?
8
What is the tens digit of (870/(-75))/((-2)/5)?
2
Suppose 3*c + 6*o = 3*o + 273, 3*o = 0. Suppose 3*x - c = -g, -3*x - 3*g + 85 = g. What is the tens digit of x?
3
Suppose -5*w = -0*u - 3*u - 4, w + 10 = -3*u. What is the units digit of 6/u*-1 - 1?
1
Let n(r) = r + 9. Let o be n(-5). Suppose -2*a + 4*w - 7 = -a, -o*a + 5*w = 17. Let b(d) = -d**2 - 4*d + 3. What is the units digit of b(a)?
6
Let m = 2 + -2. Suppose -5*q + 9*q - 96 = m. What is the tens digit of q?
2
Let c be (12/(-15))/((-1)/35). Suppose r + c = -2*v, -2*r = -4*v - 36 - 28. What is the units digit of (-3)/2*20/v?
2
Let b(g) = -5*g**3 + 2*g**2 - 2*g + 1. Suppose 2*c = 2*x + 8 + 2, 4*c - 16 = 3*x. Let r be b(c). What is the units digit of (7 - -1)/((-2)/r)?
6
Let a(q) = -q**3 + 10*q**2 - 6*q + 8. What is the tens digit of a(9)?
3
Suppose -402 = 42*g - 48*g. What is the tens digit of g?
6
Let s(u) be the first derivative of -2 - 1/2*u**2 + 2*u. What is the units digit of s(0)?
2
Let p = -5 + 10. Suppose j - 15 = d, j + p*d - 15 = d. Suppose 0 = -0*s + s + 2*n - 3, -5*s + j = -2*n. What is the units digit of s?
3
Let i be (48/60)/((-2)/(-10)). What is the units digit of i/(-18) + (-688)/(-18)?
8
Suppose 12*t - 1590 = 1290. What is the tens digit of t?
4
Suppose 3*s + 6 + 30 = 0. Let r = -2 - s. What is the tens digit of r?
1
Let y be (-1)/5 + (-11)/(-5). What is the units digit of 18/(-4)*y/(-3)?
3
Suppose 5*n - 7*n + 290 = 0. Suppose -5*w + n = -0*w. What is the tens digit of w?
2
Suppose 0 = 4*s - 3*s - 3. Let l = -1 + s. Suppose -3*m = -5*x + 39, 2*x - 3*m = l*m + 8. What is the units digit of x?
9
Let l(r) = -2*r**3 - 5*r**2 - 3. What is the tens digit of l(-4)?
4
Let a = 7 + 1. Let j = a + -4. Let l(n) = n**2 - 4*n + 1. What is the units digit of l(j)?
1
Suppose 5*p + 3 = 143. What is the units digit of p?
8
Suppose 3*v + 2*v = 310. What is the tens digi